{"id":717,"date":"2026-02-20T14:23:16","date_gmt":"2026-02-20T14:23:16","guid":{"rendered":"https:\/\/www.berryevents.fr\/?page_id=717"},"modified":"2026-03-09T11:17:22","modified_gmt":"2026-03-09T11:17:22","slug":"elementor-717","status":"publish","type":"page","link":"https:\/\/www.berryevents.fr\/index.php\/elementor-717\/","title":{"rendered":"Blog"},"content":{"rendered":"\t\t<div data-elementor-type=\"wp-page\" data-elementor-id=\"717\" class=\"elementor elementor-717\" data-elementor-post-type=\"page\">\n\t\t\t\t<div class=\"elementor-element elementor-element-74eade5 e-flex e-con-boxed e-con e-parent\" data-id=\"74eade5\" data-element_type=\"container\">\n\t\t\t\t\t<div class=\"e-con-inner\">\n\t\t\t\t<div class=\"elementor-element elementor-element-19cf6b9 elementor-widget elementor-widget-heading\" data-id=\"19cf6b9\" data-element_type=\"widget\" data-widget_type=\"heading.default\">\n\t\t\t\t\t<h2 class=\"elementor-heading-title elementor-size-default\">QVT &amp; Bien-\u00eatre en entreprise<\/h2>\t\t\t\t<\/div>\n\t\t\t\t<div class=\"elementor-element elementor-element-f0b9e63 elementor-widget elementor-widget-text-editor\" data-id=\"f0b9e63\" data-element_type=\"widget\" data-widget_type=\"text-editor.default\">\n\t\t\t\t\t\t\t\t\t<p>Toutes les actualit\u00e9s, conseils et solutions concr\u00e8tes pour am\u00e9liorer la qualit\u00e9 de vie au travail, r\u00e9duire le stress et renforcer la performance des \u00e9quipes.<\/p>\t\t\t\t\t\t\t\t<\/div>\n\t\t\t\t\t<\/div>\n\t\t\t\t<\/div>\n\t\t<div class=\"elementor-element elementor-element-ebbda1a e-flex e-con-boxed e-con e-parent\" data-id=\"ebbda1a\" data-element_type=\"container\">\n\t\t\t\t\t<div class=\"e-con-inner\">\n\t\t\t\t<div class=\"elementor-element elementor-element-48231bc elementor-grid-3 elementor-grid-tablet-2 elementor-grid-mobile-1 elementor-posts--thumbnail-top elementor-posts--show-avatar elementor-card-shadow-yes elementor-posts__hover-gradient elementor-widget elementor-widget-posts\" data-id=\"48231bc\" data-element_type=\"widget\" data-settings=\"{&quot;cards_columns&quot;:&quot;3&quot;,&quot;cards_columns_tablet&quot;:&quot;2&quot;,&quot;cards_columns_mobile&quot;:&quot;1&quot;,&quot;cards_row_gap&quot;:{&quot;unit&quot;:&quot;px&quot;,&quot;size&quot;:35,&quot;sizes&quot;:[]},&quot;cards_row_gap_tablet&quot;:{&quot;unit&quot;:&quot;px&quot;,&quot;size&quot;:&quot;&quot;,&quot;sizes&quot;:[]},&quot;cards_row_gap_mobile&quot;:{&quot;unit&quot;:&quot;px&quot;,&quot;size&quot;:&quot;&quot;,&quot;sizes&quot;:[]}}\" data-widget_type=\"posts.cards\">\n\t\t\t\t<div class=\"elementor-widget-container\">\n\t\t\t\t\t\t\t<div class=\"elementor-posts-container elementor-posts elementor-posts--skin-cards elementor-grid\" role=\"list\">\n\t\t\t\t<article class=\"elementor-post elementor-grid-item post-1070 post type-post status-publish format-standard hentry category-uncategorized\" role=\"listitem\">\n\t\t\t<div class=\"elementor-post__card\">\n\t\t\t\t<div class=\"elementor-post__text\">\n\t\t\t\t<h3 class=\"elementor-post__title\">\n\t\t\t<a href=\"https:\/\/www.berryevents.fr\/index.php\/2026\/03\/17\/pourquoi-le-bien-etre-au-travail-ameliore-la-performance-des-equipes\/\" >\n\t\t\t\tPourquoi le bien-\u00eatre au travail am\u00e9liore la performance des \u00e9quipes\u200b\t\t\t<\/a>\n\t\t<\/h3>\n\t\t\t\t<div class=\"elementor-post__excerpt\">\n\t\t\t<p>Depuis plusieurs ann\u00e9es, les entreprises repensent leur approche du management et de la performance. Les attentes des salari\u00e9s \u00e9voluent rapidement et les organisations doivent s\u2019adapter. Dans ce contexte, le bien-\u00eatre au travail devient un levier strat\u00e9gique majeur pour les dirigeants et les responsables RH.<\/p>\n\t\t<\/div>\n\t\t\n\t\t<a class=\"elementor-post__read-more\" href=\"https:\/\/www.berryevents.fr\/index.php\/2026\/03\/17\/pourquoi-le-bien-etre-au-travail-ameliore-la-performance-des-equipes\/\" aria-label=\"Read more about Pourquoi le bien-\u00eatre au travail am\u00e9liore la performance des \u00e9quipes\u200b\" tabindex=\"-1\" >\n\t\t\tRead More \u00bb\t\t<\/a>\n\n\t\t\t\t<\/div>\n\t\t\t\t<div class=\"elementor-post__meta-data\">\n\t\t\t\t\t<span class=\"elementor-post-date\">\n\t\t\tMarch 17, 2026\t\t<\/span>\n\t\t\t\t<span class=\"elementor-post-avatar\">\n\t\t\tNo Comments\t\t<\/span>\n\t\t\t\t<\/div>\n\t\t\t\t\t<\/div>\n\t\t<\/article>\n\t\t\t\t<article class=\"elementor-post elementor-grid-item post-1049 post type-post status-publish format-standard hentry category-uncategorized\" role=\"listitem\">\n\t\t\t<div class=\"elementor-post__card\">\n\t\t\t\t<div class=\"elementor-post__text\">\n\t\t\t\t<h3 class=\"elementor-post__title\">\n\t\t\t<a href=\"https:\/\/www.berryevents.fr\/index.php\/2026\/03\/11\/pourquoi-integrer-un-rituel-bien-etre-en-entreprise-va-fideliser-vos-collaborateurs\/\" >\n\t\t\t\tPourquoi int\u00e9grer un rituel bien-\u00eatre en entreprise va fid\u00e9liser vos collaborateurs\t\t\t<\/a>\n\t\t<\/h3>\n\t\t\t\t<div class=\"elementor-post__excerpt\">\n\t\t\t<p>En 2026, les entreprises font face \u00e0 une multitude de d\u00e9fis majeurs. A l\u2019heure ou la concurrence fait rage, le fait d\u2019attirer et surtout conserver les talents en constitue l\u2019un des principaux. Les attentes des salari\u00e9s ont profond\u00e9ment \u00e9volu\u00e9, notamment depuis la democratisation du t\u00e9l\u00e9travail. Aujourd\u2019hui, les collaborateurs recherchent un environnement professionnel \u00e9quilibr\u00e9, sain, respectueux et stimulant.<\/p>\n\t\t<\/div>\n\t\t\n\t\t<a class=\"elementor-post__read-more\" href=\"https:\/\/www.berryevents.fr\/index.php\/2026\/03\/11\/pourquoi-integrer-un-rituel-bien-etre-en-entreprise-va-fideliser-vos-collaborateurs\/\" aria-label=\"Read more about Pourquoi int\u00e9grer un rituel bien-\u00eatre en entreprise va fid\u00e9liser vos collaborateurs\" tabindex=\"-1\" >\n\t\t\tRead More \u00bb\t\t<\/a>\n\n\t\t\t\t<\/div>\n\t\t\t\t<div class=\"elementor-post__meta-data\">\n\t\t\t\t\t<span class=\"elementor-post-date\">\n\t\t\tMarch 11, 2026\t\t<\/span>\n\t\t\t\t<span class=\"elementor-post-avatar\">\n\t\t\tNo Comments\t\t<\/span>\n\t\t\t\t<\/div>\n\t\t\t\t\t<\/div>\n\t\t<\/article>\n\t\t\t\t<article class=\"elementor-post elementor-grid-item post-986 post type-post status-publish format-standard hentry category-uncategorized\" role=\"listitem\">\n\t\t\t<div class=\"elementor-post__card\">\n\t\t\t\t<div class=\"elementor-post__text\">\n\t\t\t\t<h3 class=\"elementor-post__title\">\n\t\t\t<a href=\"https:\/\/www.berryevents.fr\/index.php\/2026\/03\/09\/elementor-986\/\" >\n\t\t\t\tL&#8217;\u00e9venement bien-\u00eatre en entreprises 2026 : un engagement durable et rentable\t\t\t<\/a>\n\t\t<\/h3>\n\t\t\t\t<div class=\"elementor-post__excerpt\">\n\t\t\t<p>Vous l\u2019aurez donc compris, organiser un \u00e9v\u00e9nement bien-\u00eatre entreprise d\u00e9montre un engagement et une attention forte envers vos collaborateurs. Les entreprises qui investissent durablement dans la qualit\u00e9 de vie au travailconstatent :<\/p>\n<p>&#8211; une am\u00e9lioration significative de la satisfaction interne<\/p>\n<p>&#8211; une baisse mesurable et palpable du stress<\/p>\n<p>&#8211; une performance collective renforc\u00e9e<\/p>\n<p>&#8211; un climat professionnel plus serein<\/p>\n<p>Chez Berry Event, nous croyons que le bien-\u00eatre en entreprise construit et p\u00e9rennise la performance durable des \u00e9quipes. Nos prestations bien-\u00eatre en entreprise sont con\u00e7ues pour produire des r\u00e9sultats concrets, mesurables et align\u00e9s avec vos objectifs strat\u00e9giques.<\/p>\n<p>Avec Berry Event, vous choisissez donc une expertise compl\u00e8te, une carte de soins plus avanc\u00e9e que celles habituellement pr\u00e9sentes sur le march\u00e9, des packs adapt\u00e9s \u00e0 votre strat\u00e9gie ainsi qu\u2019une approche sur mesure orient\u00e9e r\u00e9sultats. Ensemble, construisons donc un environnement professionnel plus performant, plus humain et plus durable. A bient\u00f4t dans vos bureaux.<\/p>\n\t\t<\/div>\n\t\t\n\t\t<a class=\"elementor-post__read-more\" href=\"https:\/\/www.berryevents.fr\/index.php\/2026\/03\/09\/elementor-986\/\" aria-label=\"Read more about L&#8217;\u00e9venement bien-\u00eatre en entreprises 2026 : un engagement durable et rentable\" tabindex=\"-1\" >\n\t\t\tRead More \u00bb\t\t<\/a>\n\n\t\t\t\t<\/div>\n\t\t\t\t<div class=\"elementor-post__meta-data\">\n\t\t\t\t\t<span class=\"elementor-post-date\">\n\t\t\tMarch 9, 2026\t\t<\/span>\n\t\t\t\t<span class=\"elementor-post-avatar\">\n\t\t\tNo Comments\t\t<\/span>\n\t\t\t\t<\/div>\n\t\t\t\t\t<\/div>\n\t\t<\/article>\n\t\t\t\t<article class=\"elementor-post elementor-grid-item post-978 post type-post status-publish format-standard hentry category-uncategorized\" role=\"listitem\">\n\t\t\t<div class=\"elementor-post__card\">\n\t\t\t\t<div class=\"elementor-post__text\">\n\t\t\t\t<h3 class=\"elementor-post__title\">\n\t\t\t<a href=\"https:\/\/www.berryevents.fr\/index.php\/2026\/02\/27\/elementor-978\/\" >\n\t\t\t\tPourquoi la QVT \u00e9choue dans 70% des entreprises (et comment l\u2019int\u00e9grer r\u00e9ellement \u00e0 la strat\u00e9gie)\t\t\t<\/a>\n\t\t<\/h3>\n\t\t\t\t<div class=\"elementor-post__excerpt\">\n\t\t\t<p>La QVT : une bonne intention\u2026 mal int\u00e9gr\u00e9e<\/p>\n<p>En 2026, presque toutes les entreprises parlent de Qualit\u00e9 de Vie au Travail.<\/p>\n<p>Mais dans les faits ?<\/p>\n<p>Beaucoup d\u2019initiatives QVT restent ponctuelles, peu visibles ou sans r\u00e9el impact durable.<\/p>\n<p>Le probl\u00e8me n\u2019est pas le manque de volont\u00e9.<br \/>\nLe probl\u00e8me est l\u2019absence d\u2019int\u00e9gration strat\u00e9gique.<\/p>\n\t\t<\/div>\n\t\t\n\t\t<a class=\"elementor-post__read-more\" href=\"https:\/\/www.berryevents.fr\/index.php\/2026\/02\/27\/elementor-978\/\" aria-label=\"Read more about Pourquoi la QVT \u00e9choue dans 70% des entreprises (et comment l\u2019int\u00e9grer r\u00e9ellement \u00e0 la strat\u00e9gie)\" tabindex=\"-1\" >\n\t\t\tRead More \u00bb\t\t<\/a>\n\n\t\t\t\t<\/div>\n\t\t\t\t<div class=\"elementor-post__meta-data\">\n\t\t\t\t\t<span class=\"elementor-post-date\">\n\t\t\tFebruary 27, 2026\t\t<\/span>\n\t\t\t\t<span class=\"elementor-post-avatar\">\n\t\t\tNo Comments\t\t<\/span>\n\t\t\t\t<\/div>\n\t\t\t\t\t<\/div>\n\t\t<\/article>\n\t\t\t\t<article class=\"elementor-post elementor-grid-item post-709 post type-post status-publish format-standard hentry category-uncategorized\" role=\"listitem\">\n\t\t\t<div class=\"elementor-post__card\">\n\t\t\t\t<div class=\"elementor-post__text\">\n\t\t\t\t<h3 class=\"elementor-post__title\">\n\t\t\t<a href=\"https:\/\/www.berryevents.fr\/index.php\/2026\/02\/20\/qvt-en-entreprise-chiffres-cles-et-solutions-concretes\/\" >\n\t\t\t\tQVT en entreprise : chiffres cl\u00e9s et solutions concr\u00e8tes pour am\u00e9liorer la qualit\u00e9 de vie au travail\t\t\t<\/a>\n\t\t<\/h3>\n\t\t\t\t<div class=\"elementor-post__excerpt\">\n\t\t\t<p>QVT en entreprise : chiffres cl\u00e9s et solutions concr\u00e8tes pour am\u00e9liorer la qualit\u00e9 de vie au travail La QVT (Qualit\u00e9 de Vie au Travail) est devenue un enjeu strat\u00e9gique pour les entreprises fran\u00e7aises. Bien plus qu\u2019un simple concept RH, elle impacte directement la performance, l\u2019engagement des collaborateurs et l\u2019image employeur. Chez Berry Events, nous accompagnons les entreprises parisiennes avec des prestations bien-\u00eatre en entreprise adapt\u00e9es aux besoins des \u00e9quipes : massages assis, massage relaxant, kobido,<\/p>\n\t\t<\/div>\n\t\t\n\t\t<a class=\"elementor-post__read-more\" href=\"https:\/\/www.berryevents.fr\/index.php\/2026\/02\/20\/qvt-en-entreprise-chiffres-cles-et-solutions-concretes\/\" aria-label=\"Read more about QVT en entreprise : chiffres cl\u00e9s et solutions concr\u00e8tes pour am\u00e9liorer la qualit\u00e9 de vie au travail\" tabindex=\"-1\" >\n\t\t\tRead More \u00bb\t\t<\/a>\n\n\t\t\t\t<\/div>\n\t\t\t\t<div class=\"elementor-post__meta-data\">\n\t\t\t\t\t<span class=\"elementor-post-date\">\n\t\t\tFebruary 20, 2026\t\t<\/span>\n\t\t\t\t<span class=\"elementor-post-avatar\">\n\t\t\tNo Comments\t\t<\/span>\n\t\t\t\t<\/div>\n\t\t\t\t\t<\/div>\n\t\t<\/article>\n\t\t\t\t<\/div>\n\t\t\n\t\t\t\t\t\t<\/div>\n\t\t\t\t<\/div>\n\t\t\t\t\t<\/div>\n\t\t\t\t<\/div>\n\t\t<div class=\"elementor-element elementor-element-c83914e e-flex e-con-boxed e-con e-parent\" data-id=\"c83914e\" data-element_type=\"container\">\n\t\t\t\t\t<div class=\"e-con-inner\">\n\t\t\t\t\t<\/div>\n\t\t\t\t<\/div>\n\t\t\t\t<\/div>\n\t\t","protected":false},"excerpt":{"rendered":"<p>QVT &amp; Bien-\u00eatre en entreprise Toutes les actualit\u00e9s, conseils et solutions concr\u00e8tes pour am\u00e9liorer la qualit\u00e9 de vie au travail, r\u00e9duire le stress et renforcer la performance des \u00e9quipes.<\/p>\n","protected":false},"author":1,"featured_media":0,"parent":0,"menu_order":0,"comment_status":"closed","ping_status":"closed","template":"","meta":{"footnotes":""},"class_list":["post-717","page","type-page","status-publish","hentry"],"yoast_head":"<!-- This site is optimized with the Yoast SEO plugin v26.8 - https:\/\/yoast.com\/product\/yoast-seo-wordpress\/ -->\n<title>Blog - Berry Events<\/title>\n<meta name=\"robots\" content=\"index, follow, max-snippet:-1, max-image-preview:large, max-video-preview:-1\" \/>\n<link rel=\"canonical\" href=\"https:\/\/www.berryevents.fr\/index.php\/elementor-717\/\" \/>\n<meta property=\"og:locale\" content=\"en_US\" \/>\n<meta property=\"og:type\" content=\"article\" \/>\n<meta property=\"og:title\" content=\"Blog - Berry Events\" \/>\n<meta property=\"og:description\" content=\"QVT &amp; Bien-\u00eatre en entreprise Toutes les actualit\u00e9s, conseils et solutions concr\u00e8tes pour am\u00e9liorer la qualit\u00e9 de vie au travail, r\u00e9duire le stress et renforcer la performance des \u00e9quipes.\" \/>\n<meta property=\"og:url\" content=\"https:\/\/www.berryevents.fr\/index.php\/elementor-717\/\" \/>\n<meta property=\"og:site_name\" content=\"Berry Events\" \/>\n<meta property=\"article:modified_time\" content=\"2026-03-09T11:17:22+00:00\" \/>\n<meta name=\"twitter:card\" content=\"summary_large_image\" \/>\n<meta name=\"twitter:label1\" content=\"Est. reading time\" \/>\n\t<meta name=\"twitter:data1\" content=\"2 minutes\" \/>\n<script type=\"application\/ld+json\" class=\"yoast-schema-graph\">{\"@context\":\"https:\/\/schema.org\",\"@graph\":[{\"@type\":\"WebPage\",\"@id\":\"https:\/\/www.berryevents.fr\/index.php\/elementor-717\/\",\"url\":\"https:\/\/www.berryevents.fr\/index.php\/elementor-717\/\",\"name\":\"Blog - Berry Events\",\"isPartOf\":{\"@id\":\"https:\/\/www.berryevents.fr\/#website\"},\"datePublished\":\"2026-02-20T14:23:16+00:00\",\"dateModified\":\"2026-03-09T11:17:22+00:00\",\"breadcrumb\":{\"@id\":\"https:\/\/www.berryevents.fr\/index.php\/elementor-717\/#breadcrumb\"},\"inLanguage\":\"en-US\",\"potentialAction\":[{\"@type\":\"ReadAction\",\"target\":[\"https:\/\/www.berryevents.fr\/index.php\/elementor-717\/\"]}]},{\"@type\":\"BreadcrumbList\",\"@id\":\"https:\/\/www.berryevents.fr\/index.php\/elementor-717\/#breadcrumb\",\"itemListElement\":[{\"@type\":\"ListItem\",\"position\":1,\"name\":\"Home\",\"item\":\"https:\/\/www.berryevents.fr\/\"},{\"@type\":\"ListItem\",\"position\":2,\"name\":\"Blog\"}]},{\"@type\":\"WebSite\",\"@id\":\"https:\/\/www.berryevents.fr\/#website\",\"url\":\"https:\/\/www.berryevents.fr\/\",\"name\":\"Berry Events\",\"description\":\"\",\"publisher\":{\"@id\":\"https:\/\/www.berryevents.fr\/#organization\"},\"potentialAction\":[{\"@type\":\"SearchAction\",\"target\":{\"@type\":\"EntryPoint\",\"urlTemplate\":\"https:\/\/www.berryevents.fr\/?s={search_term_string}\"},\"query-input\":{\"@type\":\"PropertyValueSpecification\",\"valueRequired\":true,\"valueName\":\"search_term_string\"}}],\"inLanguage\":\"en-US\"},{\"@type\":\"Organization\",\"@id\":\"https:\/\/www.berryevents.fr\/#organization\",\"name\":\"BERRY EVENTS\",\"url\":\"https:\/\/www.berryevents.fr\/\",\"logo\":{\"@type\":\"ImageObject\",\"inLanguage\":\"en-US\",\"@id\":\"https:\/\/www.berryevents.fr\/#\/schema\/logo\/image\/\",\"url\":null,\"contentUrl\":null,\"width\":1024,\"height\":576,\"caption\":\"BERRY EVENTS\"},\"image\":{\"@id\":\"https:\/\/www.berryevents.fr\/#\/schema\/logo\/image\/\"}}]}<\/script>\n<!-- \/ Yoast SEO plugin. -->","yoast_head_json":{"title":"Blog - Berry Events","robots":{"index":"index","follow":"follow","max-snippet":"max-snippet:-1","max-image-preview":"max-image-preview:large","max-video-preview":"max-video-preview:-1"},"canonical":"https:\/\/www.berryevents.fr\/index.php\/elementor-717\/","og_locale":"en_US","og_type":"article","og_title":"Blog - Berry Events","og_description":"QVT &amp; Bien-\u00eatre en entreprise Toutes les actualit\u00e9s, conseils et solutions concr\u00e8tes pour am\u00e9liorer la qualit\u00e9 de vie au travail, r\u00e9duire le stress et renforcer la performance des \u00e9quipes.","og_url":"https:\/\/www.berryevents.fr\/index.php\/elementor-717\/","og_site_name":"Berry Events","article_modified_time":"2026-03-09T11:17:22+00:00","twitter_card":"summary_large_image","twitter_misc":{"Est. reading time":"2 minutes"},"schema":{"@context":"https:\/\/schema.org","@graph":[{"@type":"WebPage","@id":"https:\/\/www.berryevents.fr\/index.php\/elementor-717\/","url":"https:\/\/www.berryevents.fr\/index.php\/elementor-717\/","name":"Blog - Berry Events","isPartOf":{"@id":"https:\/\/www.berryevents.fr\/#website"},"datePublished":"2026-02-20T14:23:16+00:00","dateModified":"2026-03-09T11:17:22+00:00","breadcrumb":{"@id":"https:\/\/www.berryevents.fr\/index.php\/elementor-717\/#breadcrumb"},"inLanguage":"en-US","potentialAction":[{"@type":"ReadAction","target":["https:\/\/www.berryevents.fr\/index.php\/elementor-717\/"]}]},{"@type":"BreadcrumbList","@id":"https:\/\/www.berryevents.fr\/index.php\/elementor-717\/#breadcrumb","itemListElement":[{"@type":"ListItem","position":1,"name":"Home","item":"https:\/\/www.berryevents.fr\/"},{"@type":"ListItem","position":2,"name":"Blog"}]},{"@type":"WebSite","@id":"https:\/\/www.berryevents.fr\/#website","url":"https:\/\/www.berryevents.fr\/","name":"Berry Events","description":"","publisher":{"@id":"https:\/\/www.berryevents.fr\/#organization"},"potentialAction":[{"@type":"SearchAction","target":{"@type":"EntryPoint","urlTemplate":"https:\/\/www.berryevents.fr\/?s={search_term_string}"},"query-input":{"@type":"PropertyValueSpecification","valueRequired":true,"valueName":"search_term_string"}}],"inLanguage":"en-US"},{"@type":"Organization","@id":"https:\/\/www.berryevents.fr\/#organization","name":"BERRY EVENTS","url":"https:\/\/www.berryevents.fr\/","logo":{"@type":"ImageObject","inLanguage":"en-US","@id":"https:\/\/www.berryevents.fr\/#\/schema\/logo\/image\/","url":null,"contentUrl":null,"width":1024,"height":576,"caption":"BERRY EVENTS"},"image":{"@id":"https:\/\/www.berryevents.fr\/#\/schema\/logo\/image\/"}}]}},"_links":{"self":[{"href":"https:\/\/www.berryevents.fr\/index.php\/wp-json\/wp\/v2\/pages\/717","targetHints":{"allow":["GET"]}}],"collection":[{"href":"https:\/\/www.berryevents.fr\/index.php\/wp-json\/wp\/v2\/pages"}],"about":[{"href":"https:\/\/www.berryevents.fr\/index.php\/wp-json\/wp\/v2\/types\/page"}],"author":[{"embeddable":true,"href":"https:\/\/www.berryevents.fr\/index.php\/wp-json\/wp\/v2\/users\/1"}],"replies":[{"embeddable":true,"href":"https:\/\/www.berryevents.fr\/index.php\/wp-json\/wp\/v2\/comments?post=717"}],"version-history":[{"count":25,"href":"https:\/\/www.berryevents.fr\/index.php\/wp-json\/wp\/v2\/pages\/717\/revisions"}],"predecessor-version":[{"id":1003,"href":"https:\/\/www.berryevents.fr\/index.php\/wp-json\/wp\/v2\/pages\/717\/revisions\/1003"}],"wp:attachment":[{"href":"https:\/\/www.berryevents.fr\/index.php\/wp-json\/wp\/v2\/media?parent=717"}],"curies":[{"name":"wp","href":"https:\/\/api.w.org\/{rel}","templated":true}]}}